{"id":467,"date":"2021-05-12T14:42:43","date_gmt":"2021-05-12T14:42:43","guid":{"rendered":"http:\/\/localhost:8000\/?page_id=467"},"modified":"2022-05-04T15:14:17","modified_gmt":"2022-05-04T15:14:17","slug":"netzwerk","status":"publish","type":"page","link":"https:\/\/kein-schlussstrich.de\/fr\/programm\/netzwerk\/","title":{"rendered":"Netzwerk"},"content":{"rendered":"<div class=\"wp-block-hero--wo-image\">\n    <div class=\"wp-block-hero--wo-image__wrapper\">\n        <div class=\"wp-block-hero--w-image__tab bg-yellow\">\n            <div class=\"wp-block-hero--w-image__tab-text-wrapper\">\n                <div class=\"text-center md:text-left\">\n                    <span class=\"wp-block-hero--w-image__tab-text\">\n                        Netzwerk                    <\/span>\n                <\/div>\n            <\/div>\n        <\/div>\n\n        <div class=\"wp-block-hero--wo-image__content-wrapper\">\n            <div class=\"grid-14 border-b-2 md:gap-collapse--left\">\n                <div class=\"wp-block-hero--wo-image__subtitle-wrapper\">\n                    <h2>Plattform zur Vernetzung<\/h2>\n                <\/div>\n            <\/div>\n\n            <div class=\"grid-14\">\n                <div class=\"wp-block-hero--wo-image__description-wrapper\">\n                    \n\n<p><strong>Kein Schlussstrich!<\/strong> ist nicht nur ein Projekt \u2013 <strong>Kein Schlussstrich! <\/strong>ist auch ein Netzwerk. Wir verstehen uns als eine offene Plattform f\u00fcr alle Akteur:innen und Initiativen, die die Ziele einer r\u00fcckhaltlosen Aufkl\u00e4rung rund um den NSU-Komplex und die weitergehende Thematisierung von Diskriminierung und rassistischer Gewalt mit k\u00fcnstlerischen sowie aktivistischen Mitteln teilen, und sich an unserem Netzwerk beteiligen m\u00f6chten.&nbsp;<\/p>\n\n\n                <\/div>\n            <\/div>\n        <\/div>\n    <\/div>\n<\/div>\n\n\n<div class=\"wp-block-container\">\n    <div class=\"wp-block-container__wrapper\">\n        <div class=\"wp-block-container__content\">\n            \n\n<p class=\"is-style-text--running\">Diese f\u00fcnfte Programms\u00e4ule, das Netzwerk, erstreckt sich daher \u00fcber einen l\u00e4ngeren Zeitraum als das Kernprojekt und \u00fcber einen weiteren Umkreis als den der direkt vom NSU betroffenen St\u00e4dte: Es ist ein unkuratierter, nicht hierarchisierter Kanal, insbesondere offen f\u00fcr weitere k\u00fcnstlerische, zivil- bzw. stadtgesellschaftliche Beteiligungen.&nbsp;<\/p>\n\n\n\n<p class=\"is-style-text--running\"><strong>Kein Schlussstrich!<\/strong> ist keine Marke, sondern eine als Titel formulierte Forderung, unter der seit vielen Jahren private Akteur:innen und Initiativen mit gro\u00dfem pers\u00f6nlichen Einsatz wichtige Arbeit leisten. Wir verstehen unser Projekt als Verschwisterung mit dem Engagement Aller. Rassismus und rechtsextreme Gewalt existieren \u00fcberall \u2013 falls Ihr unsere Plattform zur Verbreitung von k\u00fcnstlerischen und aktivistischen Veranstaltungen nutzen m\u00f6chtet, seid Ihr aus vollem Herzen eingeladen.<\/p>\n\n\n        <\/div>\n    <\/div>\n<\/div>\n\n\n<div class=\"row-collapse flex justify-center\">\n    <div class=\"container grid-6 md:grid-16 md:border-l-2 md:border-r-2 border-t-2 border-b-2\">\n        <div class=\"md:border-r-2 col-span-full md:col-span-1 flex md:gap-collapse--right h-full items-center justify-center md:relative\">\n            <span class=\"font-sans font-medium md:absolute md:rotate--270 text-3xl md:text-xl py-3 md:py-0 leading-snug md:max-w-max md:whitespace-nowrap\">\n                Programm\n            <\/span>\n        <\/div>\n        <div class=\"col-span-full md:col-span-4 flex flex-col md:border-r-2\">\n            <div class=\"flex-1 w-full shadow--bottom\" style=\"z-index: 100\">\n                <img srcset=\"https:\/\/kein-schlussstrich.de\/wp-content\/uploads\/2021\/05\/Nichts-ASP_DSC7644_PRSS-2126x1417_Copyright-Andre-Leischner-214x300.jpeg 214w, https:\/\/kein-schlussstrich.de\/wp-content\/uploads\/2021\/05\/Nichts-ASP_DSC7644_PRSS-2126x1417_Copyright-Andre-Leischner-731x1024.jpeg 731w, https:\/\/kein-schlussstrich.de\/wp-content\/uploads\/2021\/05\/Nichts-ASP_DSC7644_PRSS-2126x1417_Copyright-Andre-Leischner-768x1076.jpeg 768w, https:\/\/kein-schlussstrich.de\/wp-content\/uploads\/2021\/05\/Nichts-ASP_DSC7644_PRSS-2126x1417_Copyright-Andre-Leischner.jpeg 1071w\" alt=\"\" class=\"w-full h-full object-cover\" \/>\n            <\/div>\n            <div class=\"self-end w-full flex flex-col border-b-2 md:border-0\">\n                                    <a href=\"https:\/\/kein-schlussstrich.de\/fr\/programm\/inszenierungen\/\" class=\"no-underline w-full px-2 py-1 h4 mb-0 text-black shadow--bottom z-20 bg-blue\" style=\"z-index: 90\">\n                        Inszenierungen                    <\/a>\n                                    <a href=\"https:\/\/kein-schlussstrich.de\/fr\/programm\/manifesto\/\" class=\"no-underline w-full px-2 py-1 h4 mb-0 text-black shadow--bottom z-20 bg-yellow\" style=\"z-index: 80\">\n                        Manifest(o)                    <\/a>\n                                    <a href=\"https:\/\/kein-schlussstrich.de\/fr\/programm\/offener-prozess\/\" class=\"no-underline w-full px-2 py-1 h4 mb-0 text-black shadow--bottom z-20 bg-lightGray\" style=\"z-index: 70\">\n                        Offener Prozess                    <\/a>\n                                    <a href=\"https:\/\/kein-schlussstrich.de\/fr\/programm\/diskurs\/\" class=\"no-underline w-full px-2 py-1 h4 mb-0 text-black  z-20 bg-blue\" style=\"z-index: 60\">\n                        Diskurs                    <\/a>\n                            <\/div>\n        <\/div>\n\n        <div class=\"col-span-full md:col-span-9 md:col-start-7 py-7 px-2 md:px-0 \">\n            \n\n<h2 class=\"wp-block-heading\">18 Tage <br>15 Partner <br>15 St\u00e4dte<\/h2>\n\n\n\n<p>Das dezentrale und interdisziplin\u00e4re Theaterprojekt <strong>Kein Schlussstrich!<\/strong> m\u00f6chte die Taten und Hintergr\u00fcnde des NSU-Komplex mit k\u00fcnstlerischen Mitteln thematisieren. Mit dem Vorhaben sollen die Perspektiven der Familien der Opfer und der (post-)migrantischen Communities in den Fokus der \u00d6ffentlichkeit gebracht und R\u00e4ume zur Diskussion \u00fcber den strukturellen Rassismus in unserer Gesellshaft geschaffen werden.<\/p>\n\n\n        <a class=\"wp-block-button wp-block-button--black \" href=\"https:\/\/kein-schlussstrich.de\/fr\/programm\/inszenierungen\/\">\n                <div class=\"wp-block-button__text\">\n            Zum Programm        <\/div>\n                    <div class=\"ml-2\">\n                <div style=\"transform: rotate(\n                                                    )\">\n                    <svg width='23' height='22' fill='none' xmlns='http:\/\/www.w3.org\/2000\/svg'>\n    <path stroke-width='2' d='M0 11h22M11.293 21.293l11-11M22.293 11.707l-11-11' \/>\n<\/svg>                <\/div>\n            <\/div>\n        <\/a>\n\n        <\/div>\n    <\/div>\n<\/div>","protected":false},"excerpt":{"rendered":"","protected":false},"author":1,"featured_media":0,"parent":369,"menu_order":0,"comment_status":"closed","ping_status":"closed","template":"","meta":{"inline_featured_image":false,"footnotes":""},"class_list":["post-467","page","type-page","status-publish","hentry"],"acf":[],"yoast_head":"<!-- This site is optimized with the Yoast SEO plugin v27.4 - https:\/\/yoast.com\/product\/yoast-seo-wordpress\/ -->\n<title>Netzwerk - Kein Schlussstrich<\/title>\n<meta name=\"robots\" content=\"index, follow, max-snippet:-1, max-image-preview:large, max-video-preview:-1\" \/>\n<link rel=\"canonical\" href=\"https:\/\/kein-schlussstrich.de\/fr\/programm\/netzwerk\/\" \/>\n<meta property=\"og:locale\" content=\"fr_FR\" \/>\n<meta property=\"og:type\" content=\"article\" \/>\n<meta property=\"og:title\" content=\"Netzwerk - Kein Schlussstrich\" \/>\n<meta property=\"og:url\" content=\"https:\/\/kein-schlussstrich.de\/fr\/programm\/netzwerk\/\" \/>\n<meta property=\"og:site_name\" content=\"Kein Schlussstrich\" \/>\n<meta property=\"article:modified_time\" content=\"2022-05-04T15:14:17+00:00\" \/>\n<meta property=\"og:image\" content=\"https:\/\/kein-schlussstrich.de\/wp-content\/uploads\/2021\/10\/KS-Sharepic-03.jpg\" \/>\n\t<meta property=\"og:image:width\" content=\"1200\" \/>\n\t<meta property=\"og:image:height\" content=\"627\" \/>\n\t<meta property=\"og:image:type\" content=\"image\/jpeg\" \/>\n<meta name=\"twitter:card\" content=\"summary_large_image\" \/>\n<meta name=\"twitter:label1\" content=\"Est. reading time\" \/>\n\t<meta name=\"twitter:data1\" content=\"1 minute\" \/>\n<script type=\"application\/ld+json\" class=\"yoast-schema-graph\">{\"@context\":\"https:\\\/\\\/schema.org\",\"@graph\":[{\"@type\":\"WebPage\",\"@id\":\"https:\\\/\\\/kein-schlussstrich.de\\\/fr\\\/programm\\\/netzwerk\\\/\",\"url\":\"https:\\\/\\\/kein-schlussstrich.de\\\/fr\\\/programm\\\/netzwerk\\\/\",\"name\":\"Netzwerk - Kein Schlussstrich\",\"isPartOf\":{\"@id\":\"https:\\\/\\\/kein-schlussstrich.de\\\/fr\\\/#website\"},\"datePublished\":\"2021-05-12T14:42:43+00:00\",\"dateModified\":\"2022-05-04T15:14:17+00:00\",\"breadcrumb\":{\"@id\":\"https:\\\/\\\/kein-schlussstrich.de\\\/fr\\\/programm\\\/netzwerk\\\/#breadcrumb\"},\"inLanguage\":\"fr-FR\",\"potentialAction\":[{\"@type\":\"ReadAction\",\"target\":[\"https:\\\/\\\/kein-schlussstrich.de\\\/fr\\\/programm\\\/netzwerk\\\/\"]}]},{\"@type\":\"BreadcrumbList\",\"@id\":\"https:\\\/\\\/kein-schlussstrich.de\\\/fr\\\/programm\\\/netzwerk\\\/#breadcrumb\",\"itemListElement\":[{\"@type\":\"ListItem\",\"position\":1,\"name\":\"Startseite\",\"item\":\"https:\\\/\\\/kein-schlussstrich.de\\\/fr\\\/\"},{\"@type\":\"ListItem\",\"position\":2,\"name\":\"Programm\",\"item\":\"https:\\\/\\\/kein-schlussstrich.de\\\/fr\\\/programm\\\/\"},{\"@type\":\"ListItem\",\"position\":3,\"name\":\"Netzwerk\"}]},{\"@type\":\"WebSite\",\"@id\":\"https:\\\/\\\/kein-schlussstrich.de\\\/fr\\\/#website\",\"url\":\"https:\\\/\\\/kein-schlussstrich.de\\\/fr\\\/\",\"name\":\"Kein Schlussstrich\",\"description\":\"Just another WordPress site\",\"potentialAction\":[{\"@type\":\"SearchAction\",\"target\":{\"@type\":\"EntryPoint\",\"urlTemplate\":\"https:\\\/\\\/kein-schlussstrich.de\\\/fr\\\/?s={search_term_string}\"},\"query-input\":{\"@type\":\"PropertyValueSpecification\",\"valueRequired\":true,\"valueName\":\"search_term_string\"}}],\"inLanguage\":\"fr-FR\"}]}<\/script>\n<!-- \/ Yoast SEO plugin. -->","yoast_head_json":{"title":"Netzwerk - Kein Schlussstrich","robots":{"index":"index","follow":"follow","max-snippet":"max-snippet:-1","max-image-preview":"max-image-preview:large","max-video-preview":"max-video-preview:-1"},"canonical":"https:\/\/kein-schlussstrich.de\/fr\/programm\/netzwerk\/","og_locale":"fr_FR","og_type":"article","og_title":"Netzwerk - Kein Schlussstrich","og_url":"https:\/\/kein-schlussstrich.de\/fr\/programm\/netzwerk\/","og_site_name":"Kein Schlussstrich","article_modified_time":"2022-05-04T15:14:17+00:00","og_image":[{"width":1200,"height":627,"url":"https:\/\/kein-schlussstrich.de\/wp-content\/uploads\/2021\/10\/KS-Sharepic-03.jpg","type":"image\/jpeg"}],"twitter_card":"summary_large_image","twitter_misc":{"Est. reading time":"1 minute"},"schema":{"@context":"https:\/\/schema.org","@graph":[{"@type":"WebPage","@id":"https:\/\/kein-schlussstrich.de\/fr\/programm\/netzwerk\/","url":"https:\/\/kein-schlussstrich.de\/fr\/programm\/netzwerk\/","name":"Netzwerk - Kein Schlussstrich","isPartOf":{"@id":"https:\/\/kein-schlussstrich.de\/fr\/#website"},"datePublished":"2021-05-12T14:42:43+00:00","dateModified":"2022-05-04T15:14:17+00:00","breadcrumb":{"@id":"https:\/\/kein-schlussstrich.de\/fr\/programm\/netzwerk\/#breadcrumb"},"inLanguage":"fr-FR","potentialAction":[{"@type":"ReadAction","target":["https:\/\/kein-schlussstrich.de\/fr\/programm\/netzwerk\/"]}]},{"@type":"BreadcrumbList","@id":"https:\/\/kein-schlussstrich.de\/fr\/programm\/netzwerk\/#breadcrumb","itemListElement":[{"@type":"ListItem","position":1,"name":"Startseite","item":"https:\/\/kein-schlussstrich.de\/fr\/"},{"@type":"ListItem","position":2,"name":"Programm","item":"https:\/\/kein-schlussstrich.de\/fr\/programm\/"},{"@type":"ListItem","position":3,"name":"Netzwerk"}]},{"@type":"WebSite","@id":"https:\/\/kein-schlussstrich.de\/fr\/#website","url":"https:\/\/kein-schlussstrich.de\/fr\/","name":"Kein Schlussstrich","description":"Just another WordPress site","potentialAction":[{"@type":"SearchAction","target":{"@type":"EntryPoint","urlTemplate":"https:\/\/kein-schlussstrich.de\/fr\/?s={search_term_string}"},"query-input":{"@type":"PropertyValueSpecification","valueRequired":true,"valueName":"search_term_string"}}],"inLanguage":"fr-FR"}]}},"_links":{"self":[{"href":"https:\/\/kein-schlussstrich.de\/fr\/wp-json\/wp\/v2\/pages\/467","targetHints":{"allow":["GET"]}}],"collection":[{"href":"https:\/\/kein-schlussstrich.de\/fr\/wp-json\/wp\/v2\/pages"}],"about":[{"href":"https:\/\/kein-schlussstrich.de\/fr\/wp-json\/wp\/v2\/types\/page"}],"author":[{"embeddable":true,"href":"https:\/\/kein-schlussstrich.de\/fr\/wp-json\/wp\/v2\/users\/1"}],"replies":[{"embeddable":true,"href":"https:\/\/kein-schlussstrich.de\/fr\/wp-json\/wp\/v2\/comments?post=467"}],"version-history":[{"count":28,"href":"https:\/\/kein-schlussstrich.de\/fr\/wp-json\/wp\/v2\/pages\/467\/revisions"}],"predecessor-version":[{"id":4614,"href":"https:\/\/kein-schlussstrich.de\/fr\/wp-json\/wp\/v2\/pages\/467\/revisions\/4614"}],"up":[{"embeddable":true,"href":"https:\/\/kein-schlussstrich.de\/fr\/wp-json\/wp\/v2\/pages\/369"}],"wp:attachment":[{"href":"https:\/\/kein-schlussstrich.de\/fr\/wp-json\/wp\/v2\/media?parent=467"}],"curies":[{"name":"wp","href":"https:\/\/api.w.org\/{rel}","templated":true}]}}

<div class="wp-block-hero--wo-image">
    <div class="wp-block-hero--wo-image__wrapper">
        <div class="wp-block-hero--w-image__tab bg-yellow">
            <div class="wp-block-hero--w-image__tab-text-wrapper">
                <div class="text-center md:text-left">
                    <span class="wp-block-hero--w-image__tab-text">
                        Netzwerk                    </span>
                </div>
            </div>
        </div>

        <div class="wp-block-hero--wo-image__content-wrapper">
            <div class="grid-14 border-b-2 md:gap-collapse--left">
                <div class="wp-block-hero--wo-image__subtitle-wrapper">
                    <h2>Plattform zur Vernetzung</h2>
                </div>
            </div>

            <div class="grid-14">
                <div class="wp-block-hero--wo-image__description-wrapper">
                    

<p><strong>Kein Schlussstrich!</strong> ist nicht nur ein Projekt – <strong>Kein Schlussstrich! </strong>ist auch ein Netzwerk. Wir verstehen uns als eine offene Plattform für alle Akteur:innen und Initiativen, die die Ziele einer rückhaltlosen Aufklärung rund um den NSU-Komplex und die weitergehende Thematisierung von Diskriminierung und rassistischer Gewalt mit künstlerischen sowie aktivistischen Mitteln teilen, und sich an unserem Netzwerk beteiligen möchten.&nbsp;</p>


                </div>
            </div>
        </div>
    </div>
</div>


<div class="wp-block-container">
    <div class="wp-block-container__wrapper">
        <div class="wp-block-container__content">
            

<p class="is-style-text--running">Diese fünfte Programmsäule, das Netzwerk, erstreckt sich daher über einen längeren Zeitraum als das Kernprojekt und über einen weiteren Umkreis als den der direkt vom NSU betroffenen Städte: Es ist ein unkuratierter, nicht hierarchisierter Kanal, insbesondere offen für weitere künstlerische, zivil- bzw. stadtgesellschaftliche Beteiligungen.&nbsp;</p>



<p class="is-style-text--running"><strong>Kein Schlussstrich!</strong> ist keine Marke, sondern eine als Titel formulierte Forderung, unter der seit vielen Jahren private Akteur:innen und Initiativen mit großem persönlichen Einsatz wichtige Arbeit leisten. Wir verstehen unser Projekt als Verschwisterung mit dem Engagement Aller. Rassismus und rechtsextreme Gewalt existieren überall – falls Ihr unsere Plattform zur Verbreitung von künstlerischen und aktivistischen Veranstaltungen nutzen möchtet, seid Ihr aus vollem Herzen eingeladen.</p>


        </div>
    </div>
</div>


<div class="row-collapse flex justify-center">
    <div class="container grid-6 md:grid-16 md:border-l-2 md:border-r-2 border-t-2 border-b-2">
        <div class="md:border-r-2 col-span-full md:col-span-1 flex md:gap-collapse--right h-full items-center justify-center md:relative">
            <span class="font-sans font-medium md:absolute md:rotate--270 text-3xl md:text-xl py-3 md:py-0 leading-snug md:max-w-max md:whitespace-nowrap">
                Programm
            </span>
        </div>
        <div class="col-span-full md:col-span-4 flex flex-col md:border-r-2">
            <div class="flex-1 w-full shadow--bottom" style="z-index: 100">
                <img srcset="https://kein-schlussstrich.de/wp-content/uploads/2021/05/Nichts-ASP_DSC7644_PRSS-2126x1417_Copyright-Andre-Leischner-214x300.jpeg 214w, https://kein-schlussstrich.de/wp-content/uploads/2021/05/Nichts-ASP_DSC7644_PRSS-2126x1417_Copyright-Andre-Leischner-731x1024.jpeg 731w, https://kein-schlussstrich.de/wp-content/uploads/2021/05/Nichts-ASP_DSC7644_PRSS-2126x1417_Copyright-Andre-Leischner-768x1076.jpeg 768w, https://kein-schlussstrich.de/wp-content/uploads/2021/05/Nichts-ASP_DSC7644_PRSS-2126x1417_Copyright-Andre-Leischner.jpeg 1071w" alt="" class="w-full h-full object-cover" />
            </div>
            <div class="self-end w-full flex flex-col border-b-2 md:border-0">
                                    <a href="https://kein-schlussstrich.de/fr/programm/inszenierungen/" class="no-underline w-full px-2 py-1 h4 mb-0 text-black shadow--bottom z-20 bg-blue" style="z-index: 90">
                        Inszenierungen                    </a>
                                    <a href="https://kein-schlussstrich.de/fr/programm/manifesto/" class="no-underline w-full px-2 py-1 h4 mb-0 text-black shadow--bottom z-20 bg-yellow" style="z-index: 80">
                        Manifest(o)                    </a>
                                    <a href="https://kein-schlussstrich.de/fr/programm/offener-prozess/" class="no-underline w-full px-2 py-1 h4 mb-0 text-black shadow--bottom z-20 bg-lightGray" style="z-index: 70">
                        Offener Prozess                    </a>
                                    <a href="https://kein-schlussstrich.de/fr/programm/diskurs/" class="no-underline w-full px-2 py-1 h4 mb-0 text-black  z-20 bg-blue" style="z-index: 60">
                        Diskurs                    </a>
                            </div>
        </div>

        <div class="col-span-full md:col-span-9 md:col-start-7 py-7 px-2 md:px-0 ">
            

<h2 class="wp-block-heading">18 Tage <br>15 Partner <br>15 Städte</h2>



<p>Das dezentrale und interdisziplinäre Theaterprojekt <strong>Kein Schlussstrich!</strong> möchte die Taten und Hintergründe des NSU-Komplex mit künstlerischen Mitteln thematisieren. Mit dem Vorhaben sollen die Perspektiven der Familien der Opfer und der (post-)migrantischen Communities in den Fokus der Öffentlichkeit gebracht und Räume zur Diskussion über den strukturellen Rassismus in unserer Gesellshaft geschaffen werden.</p>


        <a class="wp-block-button wp-block-button--black " href="https://kein-schlussstrich.de/fr/programm/inszenierungen/">
                <div class="wp-block-button__text">
            Zum Programm        </div>
                    <div class="ml-2">
                <div style="transform: rotate(
                                                    )">
                    <svg width='23' height='22' fill='none' xmlns='http://www.w3.org/2000/svg'>
    <path stroke-width='2' d='M0 11h22M11.293 21.293l11-11M22.293 11.707l-11-11' />
</svg>                </div>
            </div>
        </a>

        </div>
    </div>
</div>
