{"id":3576,"date":"2021-09-29T13:34:51","date_gmt":"2021-09-29T13:34:51","guid":{"rendered":"https:\/\/kein-schlussstrich.de\/?post_type=event&#038;p=3576"},"modified":"2021-09-29T14:13:33","modified_gmt":"2021-09-29T14:13:33","slug":"unterm-radar-strategien-neurechter-bewegungen","status":"publish","type":"event","link":"https:\/\/kein-schlussstrich.de\/fr\/event\/unterm-radar-strategien-neurechter-bewegungen\/","title":{"rendered":"Unterm Radar? Strategien neurechter Bewegungen"},"content":{"rendered":"\n<p>Die rechte Szene hat sich in den vergangenen 20 Jahren stark ver\u00e4ndert. Gewaltbereite rechte Hooligans in Bomberjacke und Springerstiefeln, wie man sie aus den 1990er-Jahren kennt, sind auf dem R\u00fcckzug, stattdessen findet offenbar eine zunehmende<br>Institutionalisierung rechtsradikalen Denkens und Agierens statt. Das legt nicht nur die Aufdeckung rechter Netzwerke bei Polizei und Bundeswehr nahe, die in den vergangenen Jahren immer wieder Schlagzeilen gemacht hat. Als Reaktion auf die  Fl\u00fcchtlingskrise entstanden 2014 in Deutschland mit Pegida und ihren lokalen Ablegern sowieder Identit\u00e4ren Bewegung zwei neue rechtsideologische Organisationen, die seit dem Rechts-Schwenk der AfD auch eine Reihe von personellen \u00dcberschneidungen mit der Partei hervorgebracht haben. Die AfD, als die erste erfolgreiche rechtspopulistische Partei nach 1945, scheint als institutionelles Sammelbecken f\u00fcr unterschiedliche Str\u00f6mungen<br>rechtsradikalen Denkens zu fungieren, und ist ma\u00dfgeblich daran beteiligt, die Grenzen des Sagbaren immer weiter nach Rechts zu verschieben. Die Frage ist, ob sich hinter diesen Beobachtungen bestimmte Strategien ausmachen lassen, und was von dieser Entwicklung in Zukunft zu erwarten sein wird.<\/p>\n","protected":false},"template":"","label":[13,58],"division":[9],"tag":[57],"class_list":["post-3576","event","type-event","status-publish","hentry","label-diskussion","label-gespraech","division-diskurs","tag-gespraech"],"acf":{"meta":{"subline":"","credits":"Mit Dirk Laabs, Stefan Reiner und Kurt M\u00f6ller | Moderation: Antonie Rietzschel","feature_image":{"image":false},"duration":"","occurrences":[{"timestamp":"2021\/10\/24 19:00:00","venue":[{"ID":3571,"post_author":"3","post_date":"2021-09-29 13:31:36","post_date_gmt":"2021-09-29 13:31:36","post_content":"","post_title":"Theater Heilbronn, Kom\u00f6dienhaus","post_excerpt":"","post_status":"publish","comment_status":"closed","ping_status":"closed","post_password":"","post_name":"komoedienhaus-theater-heilbronn","to_ping":"","pinged":"","post_modified":"2021-10-11 15:29:29","post_modified_gmt":"2021-10-11 15:29:29","post_content_filtered":"","post_parent":0,"guid":"https:\/\/kein-schlussstrich.de\/?post_type=eventlocation&#038;p=3571","menu_order":0,"post_type":"eventlocation","post_mime_type":"","comment_count":"0","filter":"raw"}],"ticketlink":"https:\/\/www.theater-heilbronn.de\/","hasAlarm":false,"alarm":"","show_in_calendar":true,"tags":[57]}]}},"yoast_head":"<!-- This site is optimized with the Yoast SEO plugin v27.4 - https:\/\/yoast.com\/product\/yoast-seo-wordpress\/ -->\n<title>Unterm Radar? Strategien neurechter Bewegungen - Kein Schlussstrich<\/title>\n<meta name=\"robots\" content=\"index, follow, max-snippet:-1, max-image-preview:large, max-video-preview:-1\" \/>\n<link rel=\"canonical\" href=\"https:\/\/kein-schlussstrich.de\/fr\/event\/unterm-radar-strategien-neurechter-bewegungen\/\" \/>\n<meta property=\"og:locale\" content=\"fr_FR\" \/>\n<meta property=\"og:type\" content=\"article\" \/>\n<meta property=\"og:title\" content=\"Unterm Radar? Strategien neurechter Bewegungen - Kein Schlussstrich\" \/>\n<meta property=\"og:description\" content=\"Die rechte Szene hat sich in den vergangenen 20 Jahren stark ver\u00e4ndert. Gewaltbereite rechte Hooligans in Bomberjacke und Springerstiefeln, wie man sie aus den 1990er-Jahren kennt, sind auf dem R\u00fcckzug, stattdessen findet offenbar eine zunehmendeInstitutionalisierung rechtsradikalen Denkens und Agierens statt. Das legt nicht nur die Aufdeckung rechter Netzwerke bei Polizei und Bundeswehr nahe, die in [&hellip;]\" \/>\n<meta property=\"og:url\" content=\"https:\/\/kein-schlussstrich.de\/fr\/event\/unterm-radar-strategien-neurechter-bewegungen\/\" \/>\n<meta property=\"og:site_name\" content=\"Kein Schlussstrich\" \/>\n<meta property=\"article:modified_time\" content=\"2021-09-29T14:13:33+00:00\" \/>\n<meta property=\"og:image\" content=\"https:\/\/kein-schlussstrich.de\/wp-content\/uploads\/2021\/10\/KS-Sharepic-03.jpg\" \/>\n\t<meta property=\"og:image:width\" content=\"1200\" \/>\n\t<meta property=\"og:image:height\" content=\"627\" \/>\n\t<meta property=\"og:image:type\" content=\"image\/jpeg\" \/>\n<meta name=\"twitter:card\" content=\"summary_large_image\" \/>\n<meta name=\"twitter:label1\" content=\"Est. reading time\" \/>\n\t<meta name=\"twitter:data1\" content=\"1 minute\" \/>\n<script type=\"application\/ld+json\" class=\"yoast-schema-graph\">{\"@context\":\"https:\\\/\\\/schema.org\",\"@graph\":[{\"@type\":\"WebPage\",\"@id\":\"https:\\\/\\\/kein-schlussstrich.de\\\/fr\\\/event\\\/unterm-radar-strategien-neurechter-bewegungen\\\/\",\"url\":\"https:\\\/\\\/kein-schlussstrich.de\\\/fr\\\/event\\\/unterm-radar-strategien-neurechter-bewegungen\\\/\",\"name\":\"Unterm Radar? Strategien neurechter Bewegungen - Kein Schlussstrich\",\"isPartOf\":{\"@id\":\"https:\\\/\\\/kein-schlussstrich.de\\\/fr\\\/#website\"},\"datePublished\":\"2021-09-29T13:34:51+00:00\",\"dateModified\":\"2021-09-29T14:13:33+00:00\",\"breadcrumb\":{\"@id\":\"https:\\\/\\\/kein-schlussstrich.de\\\/fr\\\/event\\\/unterm-radar-strategien-neurechter-bewegungen\\\/#breadcrumb\"},\"inLanguage\":\"fr-FR\",\"potentialAction\":[{\"@type\":\"ReadAction\",\"target\":[\"https:\\\/\\\/kein-schlussstrich.de\\\/fr\\\/event\\\/unterm-radar-strategien-neurechter-bewegungen\\\/\"]}]},{\"@type\":\"BreadcrumbList\",\"@id\":\"https:\\\/\\\/kein-schlussstrich.de\\\/fr\\\/event\\\/unterm-radar-strategien-neurechter-bewegungen\\\/#breadcrumb\",\"itemListElement\":[{\"@type\":\"ListItem\",\"position\":1,\"name\":\"Startseite\",\"item\":\"https:\\\/\\\/kein-schlussstrich.de\\\/fr\\\/\"},{\"@type\":\"ListItem\",\"position\":2,\"name\":\"Veranstaltungen\",\"item\":\"https:\\\/\\\/kein-schlussstrich.de\\\/fr\\\/event\\\/\"},{\"@type\":\"ListItem\",\"position\":3,\"name\":\"Unterm Radar? Strategien neurechter Bewegungen\"}]},{\"@type\":\"WebSite\",\"@id\":\"https:\\\/\\\/kein-schlussstrich.de\\\/fr\\\/#website\",\"url\":\"https:\\\/\\\/kein-schlussstrich.de\\\/fr\\\/\",\"name\":\"Kein Schlussstrich\",\"description\":\"Just another WordPress site\",\"potentialAction\":[{\"@type\":\"SearchAction\",\"target\":{\"@type\":\"EntryPoint\",\"urlTemplate\":\"https:\\\/\\\/kein-schlussstrich.de\\\/fr\\\/?s={search_term_string}\"},\"query-input\":{\"@type\":\"PropertyValueSpecification\",\"valueRequired\":true,\"valueName\":\"search_term_string\"}}],\"inLanguage\":\"fr-FR\"}]}<\/script>\n<!-- \/ Yoast SEO plugin. -->","yoast_head_json":{"title":"Unterm Radar? Strategien neurechter Bewegungen - Kein Schlussstrich","robots":{"index":"index","follow":"follow","max-snippet":"max-snippet:-1","max-image-preview":"max-image-preview:large","max-video-preview":"max-video-preview:-1"},"canonical":"https:\/\/kein-schlussstrich.de\/fr\/event\/unterm-radar-strategien-neurechter-bewegungen\/","og_locale":"fr_FR","og_type":"article","og_title":"Unterm Radar? Strategien neurechter Bewegungen - Kein Schlussstrich","og_description":"Die rechte Szene hat sich in den vergangenen 20 Jahren stark ver\u00e4ndert. Gewaltbereite rechte Hooligans in Bomberjacke und Springerstiefeln, wie man sie aus den 1990er-Jahren kennt, sind auf dem R\u00fcckzug, stattdessen findet offenbar eine zunehmendeInstitutionalisierung rechtsradikalen Denkens und Agierens statt. Das legt nicht nur die Aufdeckung rechter Netzwerke bei Polizei und Bundeswehr nahe, die in [&hellip;]","og_url":"https:\/\/kein-schlussstrich.de\/fr\/event\/unterm-radar-strategien-neurechter-bewegungen\/","og_site_name":"Kein Schlussstrich","article_modified_time":"2021-09-29T14:13:33+00:00","og_image":[{"width":1200,"height":627,"url":"https:\/\/kein-schlussstrich.de\/wp-content\/uploads\/2021\/10\/KS-Sharepic-03.jpg","type":"image\/jpeg"}],"twitter_card":"summary_large_image","twitter_misc":{"Est. reading time":"1 minute"},"schema":{"@context":"https:\/\/schema.org","@graph":[{"@type":"WebPage","@id":"https:\/\/kein-schlussstrich.de\/fr\/event\/unterm-radar-strategien-neurechter-bewegungen\/","url":"https:\/\/kein-schlussstrich.de\/fr\/event\/unterm-radar-strategien-neurechter-bewegungen\/","name":"Unterm Radar? Strategien neurechter Bewegungen - Kein Schlussstrich","isPartOf":{"@id":"https:\/\/kein-schlussstrich.de\/fr\/#website"},"datePublished":"2021-09-29T13:34:51+00:00","dateModified":"2021-09-29T14:13:33+00:00","breadcrumb":{"@id":"https:\/\/kein-schlussstrich.de\/fr\/event\/unterm-radar-strategien-neurechter-bewegungen\/#breadcrumb"},"inLanguage":"fr-FR","potentialAction":[{"@type":"ReadAction","target":["https:\/\/kein-schlussstrich.de\/fr\/event\/unterm-radar-strategien-neurechter-bewegungen\/"]}]},{"@type":"BreadcrumbList","@id":"https:\/\/kein-schlussstrich.de\/fr\/event\/unterm-radar-strategien-neurechter-bewegungen\/#breadcrumb","itemListElement":[{"@type":"ListItem","position":1,"name":"Startseite","item":"https:\/\/kein-schlussstrich.de\/fr\/"},{"@type":"ListItem","position":2,"name":"Veranstaltungen","item":"https:\/\/kein-schlussstrich.de\/fr\/event\/"},{"@type":"ListItem","position":3,"name":"Unterm Radar? Strategien neurechter Bewegungen"}]},{"@type":"WebSite","@id":"https:\/\/kein-schlussstrich.de\/fr\/#website","url":"https:\/\/kein-schlussstrich.de\/fr\/","name":"Kein Schlussstrich","description":"Just another WordPress site","potentialAction":[{"@type":"SearchAction","target":{"@type":"EntryPoint","urlTemplate":"https:\/\/kein-schlussstrich.de\/fr\/?s={search_term_string}"},"query-input":{"@type":"PropertyValueSpecification","valueRequired":true,"valueName":"search_term_string"}}],"inLanguage":"fr-FR"}]}},"_links":{"self":[{"href":"https:\/\/kein-schlussstrich.de\/fr\/wp-json\/wp\/v2\/event\/3576","targetHints":{"allow":["GET"]}}],"collection":[{"href":"https:\/\/kein-schlussstrich.de\/fr\/wp-json\/wp\/v2\/event"}],"about":[{"href":"https:\/\/kein-schlussstrich.de\/fr\/wp-json\/wp\/v2\/types\/event"}],"version-history":[{"count":3,"href":"https:\/\/kein-schlussstrich.de\/fr\/wp-json\/wp\/v2\/event\/3576\/revisions"}],"predecessor-version":[{"id":3656,"href":"https:\/\/kein-schlussstrich.de\/fr\/wp-json\/wp\/v2\/event\/3576\/revisions\/3656"}],"wp:attachment":[{"href":"https:\/\/kein-schlussstrich.de\/fr\/wp-json\/wp\/v2\/media?parent=3576"}],"wp:term":[{"taxonomy":"label","embeddable":true,"href":"https:\/\/kein-schlussstrich.de\/fr\/wp-json\/wp\/v2\/label?post=3576"},{"taxonomy":"division","embeddable":true,"href":"https:\/\/kein-schlussstrich.de\/fr\/wp-json\/wp\/v2\/division?post=3576"},{"taxonomy":"tag","embeddable":true,"href":"https:\/\/kein-schlussstrich.de\/fr\/wp-json\/wp\/v2\/tag?post=3576"}],"curies":[{"name":"wp","href":"https:\/\/api.w.org\/{rel}","templated":true}]}}

<p>Die rechte Szene hat sich in den vergangenen 20 Jahren stark verändert. Gewaltbereite rechte Hooligans in Bomberjacke und Springerstiefeln, wie man sie aus den 1990er-Jahren kennt, sind auf dem Rückzug, stattdessen findet offenbar eine zunehmende<br>Institutionalisierung rechtsradikalen Denkens und Agierens statt. Das legt nicht nur die Aufdeckung rechter Netzwerke bei Polizei und Bundeswehr nahe, die in den vergangenen Jahren immer wieder Schlagzeilen gemacht hat. Als Reaktion auf die  Flüchtlingskrise entstanden 2014 in Deutschland mit Pegida und ihren lokalen Ablegern sowieder Identitären Bewegung zwei neue rechtsideologische Organisationen, die seit dem Rechts-Schwenk der AfD auch eine Reihe von personellen Überschneidungen mit der Partei hervorgebracht haben. Die AfD, als die erste erfolgreiche rechtspopulistische Partei nach 1945, scheint als institutionelles Sammelbecken für unterschiedliche Strömungen<br>rechtsradikalen Denkens zu fungieren, und ist maßgeblich daran beteiligt, die Grenzen des Sagbaren immer weiter nach Rechts zu verschieben. Die Frage ist, ob sich hinter diesen Beobachtungen bestimmte Strategien ausmachen lassen, und was von dieser Entwicklung in Zukunft zu erwarten sein wird.</p>

Mit Dirk Laabs, Stefan Reiner und Kurt Möller | Moderation: Antonie Rietzschel

Theater Heilbronn, Komödienhaus

<!-- This site is optimized with the Yoast SEO plugin v27.4 - https://yoast.com/product/yoast-seo-wordpress/ -->
<title>Unterm Radar? Strategien neurechter Bewegungen - Kein Schlussstrich</title>
<meta name="robots" content="index, follow, max-snippet:-1, max-image-preview:large, max-video-preview:-1" />
<link rel="canonical" href="https://kein-schlussstrich.de/fr/event/unterm-radar-strategien-neurechter-bewegungen/" />
<meta property="og:locale" content="fr_FR" />
<meta property="og:type" content="article" />
<meta property="og:title" content="Unterm Radar? Strategien neurechter Bewegungen - Kein Schlussstrich" />
<meta property="og:description" content="Die rechte Szene hat sich in den vergangenen 20 Jahren stark verändert. Gewaltbereite rechte Hooligans in Bomberjacke und Springerstiefeln, wie man sie aus den 1990er-Jahren kennt, sind auf dem Rückzug, stattdessen findet offenbar eine zunehmendeInstitutionalisierung rechtsradikalen Denkens und Agierens statt. Das legt nicht nur die Aufdeckung rechter Netzwerke bei Polizei und Bundeswehr nahe, die in [&hellip;]" />
<meta property="og:url" content="https://kein-schlussstrich.de/fr/event/unterm-radar-strategien-neurechter-bewegungen/" />
<meta property="og:site_name" content="Kein Schlussstrich" />
<meta property="article:modified_time" content="2021-09-29T14:13:33+00:00" />
<meta property="og:image" content="https://kein-schlussstrich.de/wp-content/uploads/2021/10/KS-Sharepic-03.jpg" />
	<meta property="og:image:width" content="1200" />
	<meta property="og:image:height" content="627" />
	<meta property="og:image:type" content="image/jpeg" />
<meta name="twitter:card" content="summary_large_image" />
<meta name="twitter:label1" content="Est. reading time" />
	<meta name="twitter:data1" content="1 minute" />
<script type="application/ld+json" class="yoast-schema-graph">{"@context":"https:\/\/schema.org","@graph":[{"@type":"WebPage","@id":"https:\/\/kein-schlussstrich.de\/fr\/event\/unterm-radar-strategien-neurechter-bewegungen\/","url":"https:\/\/kein-schlussstrich.de\/fr\/event\/unterm-radar-strategien-neurechter-bewegungen\/","name":"Unterm Radar? Strategien neurechter Bewegungen - Kein Schlussstrich","isPartOf":{"@id":"https:\/\/kein-schlussstrich.de\/fr\/#website"},"datePublished":"2021-09-29T13:34:51+00:00","dateModified":"2021-09-29T14:13:33+00:00","breadcrumb":{"@id":"https:\/\/kein-schlussstrich.de\/fr\/event\/unterm-radar-strategien-neurechter-bewegungen\/#breadcrumb"},"inLanguage":"fr-FR","potentialAction":[{"@type":"ReadAction","target":["https:\/\/kein-schlussstrich.de\/fr\/event\/unterm-radar-strategien-neurechter-bewegungen\/"]}]},{"@type":"BreadcrumbList","@id":"https:\/\/kein-schlussstrich.de\/fr\/event\/unterm-radar-strategien-neurechter-bewegungen\/#breadcrumb","itemListElement":[{"@type":"ListItem","position":1,"name":"Startseite","item":"https:\/\/kein-schlussstrich.de\/fr\/"},{"@type":"ListItem","position":2,"name":"Veranstaltungen","item":"https:\/\/kein-schlussstrich.de\/fr\/event\/"},{"@type":"ListItem","position":3,"name":"Unterm Radar? Strategien neurechter Bewegungen"}]},{"@type":"WebSite","@id":"https:\/\/kein-schlussstrich.de\/fr\/#website","url":"https:\/\/kein-schlussstrich.de\/fr\/","name":"Kein Schlussstrich","description":"Just another WordPress site","potentialAction":[{"@type":"SearchAction","target":{"@type":"EntryPoint","urlTemplate":"https:\/\/kein-schlussstrich.de\/fr\/?s={search_term_string}"},"query-input":{"@type":"PropertyValueSpecification","valueRequired":true,"valueName":"search_term_string"}}],"inLanguage":"fr-FR"}]}</script>
<!-- / Yoast SEO plugin. -->

Die rechte Szene hat sich in den vergangenen 20 Jahren stark verändert. Gewaltbereite rechte Hooligans in Bomberjacke und Springerstiefeln, wie man sie aus den 1990er-Jahren kennt, sind auf dem Rückzug, stattdessen findet offenbar eine zunehmendeInstitutionalisierung rechtsradikalen Denkens und Agierens statt. Das legt nicht nur die Aufdeckung rechter Netzwerke bei Polizei und Bundeswehr nahe, die in [&hellip;]
